{"id":31402,"date":"2026-02-16T11:51:40","date_gmt":"2026-02-16T15:51:40","guid":{"rendered":"https:\/\/www.botica.com.py\/home\/?page_id=31402"},"modified":"2026-04-10T12:47:45","modified_gmt":"2026-04-10T16:47:45","slug":"nosotros-2026","status":"publish","type":"page","link":"https:\/\/www.botica.com.py\/home\/nosotros-2026\/","title":{"rendered":"Nosotros &#8211; 2026"},"content":{"rendered":"\t\t<div data-elementor-type=\"wp-page\" data-elementor-id=\"31402\" class=\"elementor elementor-31402\" data-elementor-post-type=\"page\">\n\t\t\t\t\t\t<section class=\"has_eae_slider elementor-section elementor-top-section elementor-element elementor-element-cae38b1 elementor-section-full_width elementor-section-height-default elementor-section-height-default\" data-eae-slider=\"83161\" data-id=\"cae38b1\" data-element_type=\"section\" data-e-type=\"section\">\n\t\t\t\t\t\t<div class=\"elementor-container elementor-column-gap-default\">\n\t\t\t\t\t<div class=\"has_eae_slider elementor-column elementor-col-100 elementor-top-column elementor-element elementor-element-905565c\" data-eae-slider=\"93953\" data-id=\"905565c\" data-element_type=\"column\" data-e-type=\"column\" data-settings=\"{&quot;background_background&quot;:&quot;classic&quot;}\">\n\t\t\t<div class=\"elementor-widget-wrap elementor-element-populated\">\n\t\t\t\t\t\t<div class=\"elementor-element elementor-element-5bd092a elementor-widget elementor-widget-heading\" data-id=\"5bd092a\" data-element_type=\"widget\" data-e-type=\"widget\" data-widget_type=\"heading.default\">\n\t\t\t\t<div class=\"elementor-widget-container\">\n\t\t\t\t\t<h1 class=\"elementor-heading-title elementor-size-default\">M\u00e1s de 30 a\u00f1os cuidando tu bienestar<\/h1>\t\t\t\t<\/div>\n\t\t\t\t<\/div>\n\t\t\t\t\t<\/div>\n\t\t<\/div>\n\t\t\t\t\t<\/div>\n\t\t<\/section>\n\t\t\t\t<section class=\"has_eae_slider elementor-section elementor-top-section elementor-element elementor-element-f5a9df9 elementor-section-boxed elementor-section-height-default elementor-section-height-default\" data-eae-slider=\"351\" data-id=\"f5a9df9\" data-element_type=\"section\" data-e-type=\"section\">\n\t\t\t\t\t\t<div class=\"elementor-container elementor-column-gap-default\">\n\t\t\t\t\t<div class=\"has_eae_slider elementor-column elementor-col-50 elementor-top-column elementor-element elementor-element-7b0fc08\" data-eae-slider=\"87426\" data-id=\"7b0fc08\" data-element_type=\"column\" data-e-type=\"column\">\n\t\t\t<div class=\"elementor-widget-wrap elementor-element-populated\">\n\t\t\t\t\t\t<div class=\"elementor-element elementor-element-fcc8411 elementor-widget-mobile__width-initial elementor-widget elementor-widget-heading\" data-id=\"fcc8411\" data-element_type=\"widget\" data-e-type=\"widget\" data-widget_type=\"heading.default\">\n\t\t\t\t<div class=\"elementor-widget-container\">\n\t\t\t\t\t<h2 class=\"elementor-heading-title elementor-size-default\">Sobre Nosotros<\/h2>\t\t\t\t<\/div>\n\t\t\t\t<\/div>\n\t\t\t\t<div class=\"elementor-element elementor-element-c939b37 elementor-widget elementor-widget-text-editor\" data-id=\"c939b37\" data-element_type=\"widget\" data-e-type=\"widget\" data-widget_type=\"text-editor.default\">\n\t\t\t\t<div class=\"elementor-widget-container\">\n\t\t\t\t\t\t\t\t\t<p data-start=\"118\" data-end=\"277\">Fundada en Asunci\u00f3n en 1994, Botica naci\u00f3 del expertise de empresas brasile\u00f1as del mismo ramo, con el objetivo de aportar innovaci\u00f3n a la medicina paraguaya.<\/p><p data-start=\"279\" data-end=\"487\">Ofrecemos m\u00e1s de 1000 activos farmac\u00e9uticos y cosm\u00e9ticos para que cada profesional personalice f\u00f3rmulas y tratamientos a la medida de cada paciente. Botica es sin\u00f3nimo de vanguardia, tecnolog\u00eda y confianza.<\/p>\t\t\t\t\t\t\t\t<\/div>\n\t\t\t\t<\/div>\n\t\t\t\t\t<\/div>\n\t\t<\/div>\n\t\t\t\t<div class=\"has_eae_slider elementor-column elementor-col-50 elementor-top-column elementor-element elementor-element-ebfc17c\" data-eae-slider=\"20876\" data-id=\"ebfc17c\" data-element_type=\"column\" data-e-type=\"column\">\n\t\t\t<div class=\"elementor-widget-wrap elementor-element-populated\">\n\t\t\t\t\t\t<div class=\"elementor-element elementor-element-e7cf519 elementor-widget elementor-widget-image\" data-id=\"e7cf519\" data-element_type=\"widget\" data-e-type=\"widget\" data-widget_type=\"image.default\">\n\t\t\t\t<div class=\"elementor-widget-container\">\n\t\t\t\t\t\t\t\t\t\t\t\t\t\t\t<img fetchpriority=\"high\" decoding=\"async\" width=\"800\" height=\"800\" src=\"https:\/\/www.botica.com.py\/home\/wp-content\/uploads\/2026\/03\/nosotros-botica-3.webp\" class=\"attachment-large size-large wp-image-32218\" alt=\"\" srcset=\"https:\/\/www.botica.com.py\/home\/wp-content\/uploads\/2026\/03\/nosotros-botica-3.webp 1000w, https:\/\/www.botica.com.py\/home\/wp-content\/uploads\/2026\/03\/nosotros-botica-3-300x300.webp 300w, https:\/\/www.botica.com.py\/home\/wp-content\/uploads\/2026\/03\/nosotros-botica-3-150x150.webp 150w, https:\/\/www.botica.com.py\/home\/wp-content\/uploads\/2026\/03\/nosotros-botica-3-768x768.webp 768w, https:\/\/www.botica.com.py\/home\/wp-content\/uploads\/2026\/03\/nosotros-botica-3-600x600.webp 600w, https:\/\/www.botica.com.py\/home\/wp-content\/uploads\/2026\/03\/nosotros-botica-3-100x100.webp 100w\" sizes=\"(max-width: 800px) 100vw, 800px\" \/>\t\t\t\t\t\t\t\t\t\t\t\t\t\t\t<\/div>\n\t\t\t\t<\/div>\n\t\t\t\t\t<\/div>\n\t\t<\/div>\n\t\t\t\t\t<\/div>\n\t\t<\/section>\n\t\t\t\t<section class=\"has_eae_slider elementor-section elementor-top-section elementor-element elementor-element-ee7ea32 elementor-section-boxed elementor-section-height-default elementor-section-height-default\" data-eae-slider=\"65627\" data-id=\"ee7ea32\" data-element_type=\"section\" data-e-type=\"section\">\n\t\t\t\t\t\t<div class=\"elementor-container elementor-column-gap-wider\">\n\t\t\t\t\t<div class=\"has_eae_slider elementor-column elementor-col-25 elementor-top-column elementor-element elementor-element-5ed731e\" data-eae-slider=\"14060\" data-id=\"5ed731e\" data-element_type=\"column\" data-e-type=\"column\" data-settings=\"{&quot;background_background&quot;:&quot;classic&quot;}\">\n\t\t\t<div class=\"elementor-widget-wrap elementor-element-populated\">\n\t\t\t\t\t\t<div class=\"elementor-element elementor-element-d77a75a elementor-tablet-position-block-start elementor-widget-tablet__width-initial elementor-widget-mobile__width-initial elementor-widget__width-initial elementor-view-default elementor-position-block-start elementor-mobile-position-block-start elementor-widget elementor-widget-icon-box\" data-id=\"d77a75a\" data-element_type=\"widget\" data-e-type=\"widget\" data-widget_type=\"icon-box.default\">\n\t\t\t\t<div class=\"elementor-widget-container\">\n\t\t\t\t\t\t\t<div class=\"elementor-icon-box-wrapper\">\n\n\t\t\t\t\t\t<div class=\"elementor-icon-box-icon\">\n\t\t\t\t<span  class=\"elementor-icon elementor-animation-grow\">\n\t\t\t\t<i aria-hidden=\"true\" class=\"fas fa-lock\"><\/i>\t\t\t\t<\/span>\n\t\t\t<\/div>\n\t\t\t\n\t\t\t\t\t\t<div class=\"elementor-icon-box-content\">\n\n\t\t\t\t\t\t\t\t\t<h3 class=\"elementor-icon-box-title\">\n\t\t\t\t\t\t<span  >\n\t\t\t\t\t\t\tConfianza y Seguridad\t\t\t\t\t\t<\/span>\n\t\t\t\t\t<\/h3>\n\t\t\t\t\n\t\t\t\t\n\t\t\t<\/div>\n\t\t\t\n\t\t<\/div>\n\t\t\t\t\t\t<\/div>\n\t\t\t\t<\/div>\n\t\t\t\t\t<\/div>\n\t\t<\/div>\n\t\t\t\t<div class=\"has_eae_slider elementor-column elementor-col-25 elementor-top-column elementor-element elementor-element-663439e\" data-eae-slider=\"5770\" data-id=\"663439e\" data-element_type=\"column\" data-e-type=\"column\">\n\t\t\t<div class=\"elementor-widget-wrap elementor-element-populated\">\n\t\t\t\t\t\t<div class=\"elementor-element elementor-element-b5a6425 elementor-tablet-position-block-start elementor-widget-tablet__width-initial elementor-widget-mobile__width-initial elementor-widget__width-initial elementor-view-default elementor-position-block-start elementor-mobile-position-block-start elementor-widget elementor-widget-icon-box\" data-id=\"b5a6425\" data-element_type=\"widget\" data-e-type=\"widget\" data-widget_type=\"icon-box.default\">\n\t\t\t\t<div class=\"elementor-widget-container\">\n\t\t\t\t\t\t\t<div class=\"elementor-icon-box-wrapper\">\n\n\t\t\t\t\t\t<div class=\"elementor-icon-box-icon\">\n\t\t\t\t<span  class=\"elementor-icon elementor-animation-grow\">\n\t\t\t\t<i aria-hidden=\"true\" class=\"fas fa-heart\"><\/i>\t\t\t\t<\/span>\n\t\t\t<\/div>\n\t\t\t\n\t\t\t\t\t\t<div class=\"elementor-icon-box-content\">\n\n\t\t\t\t\t\t\t\t\t<h3 class=\"elementor-icon-box-title\">\n\t\t\t\t\t\t<span  >\n\t\t\t\t\t\t\tCompromiso con tu salud\t\t\t\t\t\t<\/span>\n\t\t\t\t\t<\/h3>\n\t\t\t\t\n\t\t\t\t\n\t\t\t<\/div>\n\t\t\t\n\t\t<\/div>\n\t\t\t\t\t\t<\/div>\n\t\t\t\t<\/div>\n\t\t\t\t\t<\/div>\n\t\t<\/div>\n\t\t\t\t<div class=\"has_eae_slider elementor-column elementor-col-25 elementor-top-column elementor-element elementor-element-369bd15\" data-eae-slider=\"46975\" data-id=\"369bd15\" data-element_type=\"column\" data-e-type=\"column\">\n\t\t\t<div class=\"elementor-widget-wrap elementor-element-populated\">\n\t\t\t\t\t\t<div class=\"elementor-element elementor-element-3f1fdd8 elementor-tablet-position-block-start elementor-widget-tablet__width-initial elementor-widget-mobile__width-initial elementor-widget__width-initial elementor-view-default elementor-position-block-start elementor-mobile-position-block-start elementor-widget elementor-widget-icon-box\" data-id=\"3f1fdd8\" data-element_type=\"widget\" data-e-type=\"widget\" data-widget_type=\"icon-box.default\">\n\t\t\t\t<div class=\"elementor-widget-container\">\n\t\t\t\t\t\t\t<div class=\"elementor-icon-box-wrapper\">\n\n\t\t\t\t\t\t<div class=\"elementor-icon-box-icon\">\n\t\t\t\t<span  class=\"elementor-icon elementor-animation-grow\">\n\t\t\t\t<i aria-hidden=\"true\" class=\"fas fa-user-plus\"><\/i>\t\t\t\t<\/span>\n\t\t\t<\/div>\n\t\t\t\n\t\t\t\t\t\t<div class=\"elementor-icon-box-content\">\n\n\t\t\t\t\t\t\t\t\t<h3 class=\"elementor-icon-box-title\">\n\t\t\t\t\t\t<span  >\n\t\t\t\t\t\t\tAtenci\u00f3n Profesional\t\t\t\t\t\t<\/span>\n\t\t\t\t\t<\/h3>\n\t\t\t\t\n\t\t\t\t\n\t\t\t<\/div>\n\t\t\t\n\t\t<\/div>\n\t\t\t\t\t\t<\/div>\n\t\t\t\t<\/div>\n\t\t\t\t\t<\/div>\n\t\t<\/div>\n\t\t\t\t<div class=\"has_eae_slider elementor-column elementor-col-25 elementor-top-column elementor-element elementor-element-7128852\" data-eae-slider=\"55375\" data-id=\"7128852\" data-element_type=\"column\" data-e-type=\"column\">\n\t\t\t<div class=\"elementor-widget-wrap elementor-element-populated\">\n\t\t\t\t\t\t<div class=\"elementor-element elementor-element-0dcc387 elementor-tablet-position-block-start elementor-widget-tablet__width-initial elementor-widget-mobile__width-initial elementor-widget__width-initial elementor-view-default elementor-position-block-start elementor-mobile-position-block-start elementor-widget elementor-widget-icon-box\" data-id=\"0dcc387\" data-element_type=\"widget\" data-e-type=\"widget\" data-widget_type=\"icon-box.default\">\n\t\t\t\t<div class=\"elementor-widget-container\">\n\t\t\t\t\t\t\t<div class=\"elementor-icon-box-wrapper\">\n\n\t\t\t\t\t\t<div class=\"elementor-icon-box-icon\">\n\t\t\t\t<span  class=\"elementor-icon elementor-animation-grow\">\n\t\t\t\t<i aria-hidden=\"true\" class=\"far fa-clipboard\"><\/i>\t\t\t\t<\/span>\n\t\t\t<\/div>\n\t\t\t\n\t\t\t\t\t\t<div class=\"elementor-icon-box-content\">\n\n\t\t\t\t\t\t\t\t\t<h3 class=\"elementor-icon-box-title\">\n\t\t\t\t\t\t<span  >\n\t\t\t\t\t\t\tResponsabilidad Farmac\u00e9utica\t\t\t\t\t\t<\/span>\n\t\t\t\t\t<\/h3>\n\t\t\t\t\n\t\t\t\t\n\t\t\t<\/div>\n\t\t\t\n\t\t<\/div>\n\t\t\t\t\t\t<\/div>\n\t\t\t\t<\/div>\n\t\t\t\t\t<\/div>\n\t\t<\/div>\n\t\t\t\t\t<\/div>\n\t\t<\/section>\n\t\t\t\t<section class=\"has_eae_slider elementor-section elementor-top-section elementor-element elementor-element-facb6df elementor-section-boxed elementor-section-height-default elementor-section-height-default\" data-eae-slider=\"12454\" data-id=\"facb6df\" data-element_type=\"section\" data-e-type=\"section\">\n\t\t\t\t\t\t<div class=\"elementor-container elementor-column-gap-default\">\n\t\t\t\t\t<div class=\"has_eae_slider elementor-column elementor-col-50 elementor-top-column elementor-element elementor-element-5e60652\" data-eae-slider=\"61893\" data-id=\"5e60652\" data-element_type=\"column\" data-e-type=\"column\">\n\t\t\t<div class=\"elementor-widget-wrap elementor-element-populated\">\n\t\t\t\t\t\t<div class=\"elementor-element elementor-element-1781d7a elementor-widget elementor-widget-video\" data-id=\"1781d7a\" data-element_type=\"widget\" data-e-type=\"widget\" data-settings=\"{&quot;video_type&quot;:&quot;hosted&quot;,&quot;start&quot;:0,&quot;show_image_overlay&quot;:&quot;yes&quot;,&quot;image_overlay&quot;:{&quot;url&quot;:&quot;&quot;,&quot;id&quot;:&quot;&quot;,&quot;size&quot;:&quot;&quot;,&quot;alt&quot;:&quot;&quot;,&quot;source&quot;:&quot;library&quot;},&quot;controls&quot;:&quot;yes&quot;}\" data-widget_type=\"video.default\">\n\t\t\t\t<div class=\"elementor-widget-container\">\n\t\t\t\t\t\t\t<div class=\"e-hosted-video elementor-wrapper elementor-open-inline\">\n\t\t\t\t\t<video class=\"elementor-video\" src=\"https:\/\/www.botica.com.py\/home\/wp-content\/uploads\/2026\/02\/Rebranding-Pacientes-RRSS.mp4\" controls=\"\" preload=\"metadata\" controlsList=\"nodownload\" poster=\"https:\/\/www.botica.com.py\/home\/wp-content\/uploads\/2026\/02\/tapa-video.webp\"><\/video>\n\t\t\t\t<\/div>\n\t\t\t\t\t\t<\/div>\n\t\t\t\t<\/div>\n\t\t\t\t\t<\/div>\n\t\t<\/div>\n\t\t\t\t<div class=\"has_eae_slider elementor-column elementor-col-50 elementor-top-column elementor-element elementor-element-f4c32d8\" data-eae-slider=\"96541\" data-id=\"f4c32d8\" data-element_type=\"column\" data-e-type=\"column\">\n\t\t\t<div class=\"elementor-widget-wrap elementor-element-populated\">\n\t\t\t\t\t\t<div class=\"elementor-element elementor-element-7700d6b elementor-widget-mobile__width-initial elementor-widget elementor-widget-heading\" data-id=\"7700d6b\" data-element_type=\"widget\" data-e-type=\"widget\" data-widget_type=\"heading.default\">\n\t\t\t\t<div class=\"elementor-widget-container\">\n\t\t\t\t\t<h2 class=\"elementor-heading-title elementor-size-default\">La experiencia no se improvisa<\/h2>\t\t\t\t<\/div>\n\t\t\t\t<\/div>\n\t\t\t\t<div class=\"elementor-element elementor-element-22ae10b elementor-widget-mobile__width-initial elementor-widget elementor-widget-text-editor\" data-id=\"22ae10b\" data-element_type=\"widget\" data-e-type=\"widget\" data-widget_type=\"text-editor.default\">\n\t\t\t\t<div class=\"elementor-widget-container\">\n\t\t\t\t\t\t\t\t\t<p><strong>Botica Magistral<\/strong>\u00a0es una farmacia especializada con m\u00e1s de\u00a0<strong>30 a\u00f1os de experiencia<\/strong>\u00a0en preparados magistrales, dispone de Principios Activos farmacol\u00f3gicos, tanto\u00a0<strong>ALOP\u00c1TICOS<\/strong>\u00a0(qu\u00edmicos) como\u00a0<strong>FITOTER\u00c1PICOS<\/strong> (plantas), los procesa por unidad, bajo receta y formulaci\u00f3n m\u00e9dica, donde el mismo debe utilizar los nombres gen\u00e9ricos de las drogas.<\/p>\t\t\t\t\t\t\t\t<\/div>\n\t\t\t\t<\/div>\n\t\t\t\t\t<\/div>\n\t\t<\/div>\n\t\t\t\t\t<\/div>\n\t\t<\/section>\n\t\t\t\t<section class=\"has_eae_slider elementor-section elementor-top-section elementor-element elementor-element-7d70b11 elementor-section-boxed elementor-section-height-default elementor-section-height-default\" data-eae-slider=\"86483\" data-id=\"7d70b11\" data-element_type=\"section\" data-e-type=\"section\">\n\t\t\t\t\t\t<div class=\"elementor-container elementor-column-gap-default\">\n\t\t\t\t\t<div class=\"has_eae_slider elementor-column elementor-col-100 elementor-top-column elementor-element elementor-element-d0f405f\" data-eae-slider=\"96933\" data-id=\"d0f405f\" data-element_type=\"column\" data-e-type=\"column\">\n\t\t\t<div class=\"elementor-widget-wrap elementor-element-populated\">\n\t\t\t\t\t\t<div class=\"elementor-element elementor-element-426081d elementor-widget elementor-widget-heading\" data-id=\"426081d\" data-element_type=\"widget\" data-e-type=\"widget\" data-widget_type=\"heading.default\">\n\t\t\t\t<div class=\"elementor-widget-container\">\n\t\t\t\t\t<h2 class=\"elementor-heading-title elementor-size-default\">Confianza y Credibilidad<\/h2>\t\t\t\t<\/div>\n\t\t\t\t<\/div>\n\t\t\t\t\t<\/div>\n\t\t<\/div>\n\t\t\t\t\t<\/div>\n\t\t<\/section>\n\t\t\t\t<section class=\"has_eae_slider elementor-section elementor-top-section elementor-element elementor-element-a19389c elementor-section-boxed elementor-section-height-default elementor-section-height-default\" data-eae-slider=\"30518\" data-id=\"a19389c\" data-element_type=\"section\" data-e-type=\"section\">\n\t\t\t\t\t\t<div class=\"elementor-container elementor-column-gap-default\">\n\t\t\t\t\t<div class=\"has_eae_slider elementor-column elementor-col-33 elementor-top-column elementor-element elementor-element-d5868b5\" data-eae-slider=\"9365\" data-id=\"d5868b5\" data-element_type=\"column\" data-e-type=\"column\">\n\t\t\t<div class=\"elementor-widget-wrap elementor-element-populated\">\n\t\t\t\t\t\t<div class=\"elementor-element elementor-element-80c2d24 elementor-widget elementor-widget-counter\" data-id=\"80c2d24\" data-element_type=\"widget\" data-e-type=\"widget\" data-widget_type=\"counter.default\">\n\t\t\t\t<div class=\"elementor-widget-container\">\n\t\t\t\t\t\t\t<div class=\"elementor-counter\">\n\t\t\t<div class=\"elementor-counter-title\">A\u00f1os de experiencia<\/div>\t\t\t<div class=\"elementor-counter-number-wrapper\">\n\t\t\t\t<span class=\"elementor-counter-number-prefix\">+<\/span>\n\t\t\t\t<span class=\"elementor-counter-number\" data-duration=\"2000\" data-to-value=\"30\" data-from-value=\"0\" data-delimiter=\",\">0<\/span>\n\t\t\t\t<span class=\"elementor-counter-number-suffix\"><\/span>\n\t\t\t<\/div>\n\t\t<\/div>\n\t\t\t\t\t\t<\/div>\n\t\t\t\t<\/div>\n\t\t\t\t\t<\/div>\n\t\t<\/div>\n\t\t\t\t<div class=\"has_eae_slider elementor-column elementor-col-33 elementor-top-column elementor-element elementor-element-a1236ba\" data-eae-slider=\"67428\" data-id=\"a1236ba\" data-element_type=\"column\" data-e-type=\"column\">\n\t\t\t<div class=\"elementor-widget-wrap elementor-element-populated\">\n\t\t\t\t\t\t<div class=\"elementor-element elementor-element-4f25ff9 elementor-widget elementor-widget-heading\" data-id=\"4f25ff9\" data-element_type=\"widget\" data-e-type=\"widget\" data-widget_type=\"heading.default\">\n\t\t\t\t<div class=\"elementor-widget-container\">\n\t\t\t\t\t<h2 class=\"elementor-heading-title elementor-size-default\">Productos<\/h2>\t\t\t\t<\/div>\n\t\t\t\t<\/div>\n\t\t\t\t<div class=\"elementor-element elementor-element-0c7174c elementor-widget elementor-widget-heading\" data-id=\"0c7174c\" data-element_type=\"widget\" data-e-type=\"widget\" data-widget_type=\"heading.default\">\n\t\t\t\t<div class=\"elementor-widget-container\">\n\t\t\t\t\t<h2 class=\"elementor-heading-title elementor-size-default\">aprobados por expertos<\/h2>\t\t\t\t<\/div>\n\t\t\t\t<\/div>\n\t\t\t\t\t<\/div>\n\t\t<\/div>\n\t\t\t\t<div class=\"has_eae_slider elementor-column elementor-col-33 elementor-top-column elementor-element elementor-element-4b863d2\" data-eae-slider=\"17688\" data-id=\"4b863d2\" data-element_type=\"column\" data-e-type=\"column\">\n\t\t\t<div class=\"elementor-widget-wrap elementor-element-populated\">\n\t\t\t\t\t\t<div class=\"elementor-element elementor-element-0509837 elementor-widget elementor-widget-heading\" data-id=\"0509837\" data-element_type=\"widget\" data-e-type=\"widget\" data-widget_type=\"heading.default\">\n\t\t\t\t<div class=\"elementor-widget-container\">\n\t\t\t\t\t<h2 class=\"elementor-heading-title elementor-size-default\">Cuidado y Bienestar<\/h2>\t\t\t\t<\/div>\n\t\t\t\t<\/div>\n\t\t\t\t<div class=\"elementor-element elementor-element-b1865de elementor-widget elementor-widget-heading\" data-id=\"b1865de\" data-element_type=\"widget\" data-e-type=\"widget\" data-widget_type=\"heading.default\">\n\t\t\t\t<div class=\"elementor-widget-container\">\n\t\t\t\t\t<h2 class=\"elementor-heading-title elementor-size-default\">para ti<\/h2>\t\t\t\t<\/div>\n\t\t\t\t<\/div>\n\t\t\t\t\t<\/div>\n\t\t<\/div>\n\t\t\t\t\t<\/div>\n\t\t<\/section>\n\t\t\t\t<section class=\"has_eae_slider elementor-section elementor-top-section elementor-element elementor-element-b44b6b4 elementor-section-boxed elementor-section-height-default elementor-section-height-default\" data-eae-slider=\"37526\" data-id=\"b44b6b4\" data-element_type=\"section\" data-e-type=\"section\">\n\t\t\t\t\t\t<div class=\"elementor-container elementor-column-gap-default\">\n\t\t\t\t\t<div class=\"has_eae_slider elementor-column elementor-col-100 elementor-top-column elementor-element elementor-element-dba53bb\" data-eae-slider=\"96787\" data-id=\"dba53bb\" data-element_type=\"column\" data-e-type=\"column\">\n\t\t\t<div class=\"elementor-widget-wrap elementor-element-populated\">\n\t\t\t\t\t\t<div class=\"elementor-element elementor-element-ac99056 elementor-widget elementor-widget-html\" data-id=\"ac99056\" data-element_type=\"widget\" data-e-type=\"widget\" data-widget_type=\"html.default\">\n\t\t\t\t<div class=\"elementor-widget-container\">\n\t\t\t\t\t<style>\n  \/* Contenedor de ambos botones flotantes *\/\n  #floatingButtons {\n    position: fixed;\n    bottom: 20px;\n    right: 20px;\n    display: flex;\n    gap: 10px;\n    z-index: 9999;\n    transition: opacity 0.3s ease;\n  }\n\n  #floatingButtons.hidden {\n    opacity: 0;\n    pointer-events: none;\n  }\n\n  .circle-button {\n    width: 50px;\n    height: 50px;\n    background-color: #134921;\n    border-radius: 50%;\n    cursor: pointer;\n    display: flex;\n    align-items: center;\n    justify-content: center;\n    box-shadow: 0 4px 8px rgba(0,0,0,0.3);\n    transition: background-color 0.3s ease;\n  }\n\n  .circle-button img {\n    width: 28px;\n    height: 28px;\n  }\n\n  \/* Panel desplegable *\/\n  #whatsappPanel {\n    position: fixed;\n    bottom: 80px;\n    right: 20px;\n    background-color: white;\n    border-radius: 8px;\n    box-shadow: 0 4px 12px rgba(0,0,0,0.2);\n    padding: 15px;\n    flex-direction: column;\n    gap: 10px;\n    z-index: 9998;\n    width: 220px;\n    opacity: 0;\n    transform: translateY(20px);\n    transition: opacity 0.4s ease, transform 0.4s ease;\n    pointer-events: none;\n  }\n\n  #whatsappPanel.active {\n    opacity: 1;\n    transform: translateY(0);\n    pointer-events: auto;\n  }\n\n  #whatsappPanel h4 {\n    margin: 0 0 10px;\n    font-size: 16px;\n    color: #134921;\n    text-align: center;\n  }\n\n  .whatsapp-item {\n    display: flex;\n    align-items: center;\n    gap: 8px;\n    font-size: 14px;\n    color: #134921;\n    text-decoration: none;\n  }\n\n  .whatsapp-item img {\n    width: 24px;\n    height: 24px;\n  }\n\n  .whatsapp-item:hover {\n    color: #25D366;\n  }\n<\/style>\n\n<div id=\"floatingButtons\">\n  <!-- Bot\u00f3n WhatsApp -->\n  <div id=\"whatsappToggle\" class=\"circle-button\">\n    <img decoding=\"async\" src=\"https:\/\/upload.wikimedia.org\/wikipedia\/commons\/6\/6b\/WhatsApp.svg\" alt=\"WhatsApp\">\n  <\/div>\n\n  <!-- Bot\u00f3n Back to Top -->\n<div id=\"backToTop\" class=\"circle-button\" title=\"Volver arriba\">\n  <i class=\"fas fa-arrow-up\" style=\"font-size: 24px; color: white;\"><\/i>\n<\/div>\n\n\n<\/div>\n\n<div id=\"whatsappPanel\">\n  <h4>\u00a1Consulta tu presupuesto!<\/h4>\n  <a class=\"whatsapp-item\" href=\"https:\/\/wa.link\/x95o0x\" target=\"_blank\">\n    <img decoding=\"async\" src=\"https:\/\/upload.wikimedia.org\/wikipedia\/commons\/6\/6b\/WhatsApp.svg\"> Villamorra\n  <\/a>\n  <a class=\"whatsapp-item\" href=\"https:\/\/wa.link\/pubnor\" target=\"_blank\">\n    <img decoding=\"async\" src=\"https:\/\/upload.wikimedia.org\/wikipedia\/commons\/6\/6b\/WhatsApp.svg\"> San Lorenzo\n  <\/a>\n  <a class=\"whatsapp-item\" href=\"https:\/\/wa.link\/s601jp\" target=\"_blank\">\n    <img decoding=\"async\" src=\"https:\/\/upload.wikimedia.org\/wikipedia\/commons\/6\/6b\/WhatsApp.svg\"> Centro\n  <\/a>\n  <a class=\"whatsapp-item\" href=\"https:\/\/wa.link\/fkg2br\" target=\"_blank\">\n    <img decoding=\"async\" src=\"https:\/\/upload.wikimedia.org\/wikipedia\/commons\/6\/6b\/WhatsApp.svg\"> Encarnaci\u00f3n\n  <\/a>\n  <a class=\"whatsapp-item\" href=\"https:\/\/wa.link\/crbudi\" target=\"_blank\">\n    <img decoding=\"async\" src=\"https:\/\/upload.wikimedia.org\/wikipedia\/commons\/6\/6b\/WhatsApp.svg\"> Ciudad del Este\n  <\/a>\n  <a class=\"whatsapp-item\" href=\"https:\/\/wa.me\/595982507215\" target=\"_blank\">\n  <img decoding=\"async\" src=\"https:\/\/upload.wikimedia.org\/wikipedia\/commons\/6\/6b\/WhatsApp.svg\"> Clientes ONLINE\n<\/a>\n<\/div>\n\n<script>\n  const toggle = document.getElementById('whatsappToggle');\n  const panel = document.getElementById('whatsappPanel');\n  const floating = document.getElementById('floatingButtons');\n  const backToTop = document.getElementById('backToTop');\n\n  toggle.addEventListener('click', () => {\n    panel.classList.toggle('active');\n  });\n\n  backToTop.addEventListener('click', () => {\n    window.scrollTo({ top: 0, behavior: 'smooth' });\n  });\n\n  window.addEventListener('scroll', () => {\n    const scrollTop = window.scrollY || document.documentElement.scrollTop;\n    floating.classList.toggle('hidden', scrollTop < 50);\n  });\n<\/script>\t\t\t\t<\/div>\n\t\t\t\t<\/div>\n\t\t\t\t\t<\/div>\n\t\t<\/div>\n\t\t\t\t\t<\/div>\n\t\t<\/section>\n\t\t\t\t<\/div>\n\t\t","protected":false},"excerpt":{"rendered":"<p>M\u00e1s de 30 a\u00f1os cuidando tu bienestar Sobre Nosotros Fundada en Asunci\u00f3n en 1994, Botica naci\u00f3 del expertise de empresas brasile\u00f1as del mismo ramo, con el objetivo de aportar innovaci\u00f3n a la medicina paraguaya. Ofrecemos m\u00e1s de 1000 activos farmac\u00e9uticos y cosm\u00e9ticos para que cada profesional personalice f\u00f3rmulas y tratamientos a la medida de cada [&hellip;]<\/p>\n","protected":false},"author":7,"featured_media":0,"parent":0,"menu_order":0,"comment_status":"closed","ping_status":"closed","template":"","meta":{"nf_dc_page":"","footnotes":""},"class_list":["post-31402","page","type-page","status-publish","hentry"],"_links":{"self":[{"href":"https:\/\/www.botica.com.py\/home\/wp-json\/wp\/v2\/pages\/31402","targetHints":{"allow":["GET"]}}],"collection":[{"href":"https:\/\/www.botica.com.py\/home\/wp-json\/wp\/v2\/pages"}],"about":[{"href":"https:\/\/www.botica.com.py\/home\/wp-json\/wp\/v2\/types\/page"}],"author":[{"embeddable":true,"href":"https:\/\/www.botica.com.py\/home\/wp-json\/wp\/v2\/users\/7"}],"replies":[{"embeddable":true,"href":"https:\/\/www.botica.com.py\/home\/wp-json\/wp\/v2\/comments?post=31402"}],"version-history":[{"count":3,"href":"https:\/\/www.botica.com.py\/home\/wp-json\/wp\/v2\/pages\/31402\/revisions"}],"predecessor-version":[{"id":32278,"href":"https:\/\/www.botica.com.py\/home\/wp-json\/wp\/v2\/pages\/31402\/revisions\/32278"}],"wp:attachment":[{"href":"https:\/\/www.botica.com.py\/home\/wp-json\/wp\/v2\/media?parent=31402"}],"curies":[{"name":"wp","href":"https:\/\/api.w.org\/{rel}","templated":true}]}}