{"id":31983,"date":"2026-02-23T14:36:27","date_gmt":"2026-02-23T18:36:27","guid":{"rendered":"https:\/\/www.botica.com.py\/home\/?page_id=31983"},"modified":"2026-02-27T14:09:05","modified_gmt":"2026-02-27T18:09:05","slug":"politica-de-cambios-y-devoluciones","status":"publish","type":"page","link":"https:\/\/www.botica.com.py\/home\/politica-de-cambios-y-devoluciones\/","title":{"rendered":"Pol\u00edtica de Cambios y Devoluciones"},"content":{"rendered":"\t\t<div data-elementor-type=\"wp-page\" data-elementor-id=\"31983\" class=\"elementor elementor-31983\" data-elementor-post-type=\"page\">\n\t\t\t\t\t\t<section class=\"has_eae_slider elementor-section elementor-top-section elementor-element elementor-element-2c28a40 elementor-section-full_width elementor-section-height-default elementor-section-height-default\" data-eae-slider=\"21222\" data-id=\"2c28a40\" data-element_type=\"section\" data-e-type=\"section\">\n\t\t\t\t\t\t<div class=\"elementor-container elementor-column-gap-default\">\n\t\t\t\t\t<div class=\"has_eae_slider elementor-column elementor-col-100 elementor-top-column elementor-element elementor-element-c2217d1\" data-eae-slider=\"48644\" data-id=\"c2217d1\" data-element_type=\"column\" data-e-type=\"column\" data-settings=\"{&quot;background_background&quot;:&quot;classic&quot;}\">\n\t\t\t<div class=\"elementor-widget-wrap elementor-element-populated\">\n\t\t\t\t\t\t<div class=\"elementor-element elementor-element-5d7c216 elementor-widget elementor-widget-heading\" data-id=\"5d7c216\" data-element_type=\"widget\" data-e-type=\"widget\" data-widget_type=\"heading.default\">\n\t\t\t\t<div class=\"elementor-widget-container\">\n\t\t\t\t\t<h1 class=\"elementor-heading-title elementor-size-default\">Pol\u00edtica de Cambios y Devoluciones<\/h1>\t\t\t\t<\/div>\n\t\t\t\t<\/div>\n\t\t\t\t\t<\/div>\n\t\t<\/div>\n\t\t\t\t\t<\/div>\n\t\t<\/section>\n\t\t\t\t<section class=\"has_eae_slider elementor-section elementor-top-section elementor-element elementor-element-b9427dc elementor-section-boxed elementor-section-height-default elementor-section-height-default\" data-eae-slider=\"10756\" data-id=\"b9427dc\" data-element_type=\"section\" data-e-type=\"section\">\n\t\t\t\t\t\t<div class=\"elementor-container elementor-column-gap-default\">\n\t\t\t\t\t<div class=\"has_eae_slider elementor-column elementor-col-100 elementor-top-column elementor-element elementor-element-c8dabf5\" data-eae-slider=\"88305\" data-id=\"c8dabf5\" data-element_type=\"column\" data-e-type=\"column\">\n\t\t\t<div class=\"elementor-widget-wrap elementor-element-populated\">\n\t\t\t\t\t\t<div class=\"elementor-element elementor-element-af11d56 elementor-widget elementor-widget-heading\" data-id=\"af11d56\" data-element_type=\"widget\" data-e-type=\"widget\" data-widget_type=\"heading.default\">\n\t\t\t\t<div class=\"elementor-widget-container\">\n\t\t\t\t\t<h2 class=\"elementor-heading-title elementor-size-default\">1. Productos Da\u00f1ados o Fallados<\/h2>\t\t\t\t<\/div>\n\t\t\t\t<\/div>\n\t\t\t\t<div class=\"elementor-element elementor-element-67771d2 elementor-widget elementor-widget-text-editor\" data-id=\"67771d2\" data-element_type=\"widget\" data-e-type=\"widget\" data-widget_type=\"text-editor.default\">\n\t\t\t\t<div class=\"elementor-widget-container\">\n\t\t\t\t\t\t\t\t\t<p>Se aceptar\u00e1n reclamos \u00fanicamente en los siguientes casos:<\/p><ul><li>Producto defectuoso de fabricaci\u00f3n<\/li><li>Producto da\u00f1ado durante el transporte<\/li><li>Producto incorrecto enviado por error<\/li><\/ul><p>\u00a0<\/p><p>El cliente deber\u00e1 notificar dentro de las 24 horas posteriores a la recepci\u00f3n.<\/p>\t\t\t\t\t\t\t\t<\/div>\n\t\t\t\t<\/div>\n\t\t\t\t<div class=\"elementor-element elementor-element-f96b7b7 elementor-widget elementor-widget-heading\" data-id=\"f96b7b7\" data-element_type=\"widget\" data-e-type=\"widget\" data-widget_type=\"heading.default\">\n\t\t\t\t<div class=\"elementor-widget-container\">\n\t\t\t\t\t<h2 class=\"elementor-heading-title elementor-size-default\">2. Condiciones<\/h2>\t\t\t\t<\/div>\n\t\t\t\t<\/div>\n\t\t\t\t<div class=\"elementor-element elementor-element-f87a46c elementor-widget elementor-widget-text-editor\" data-id=\"f87a46c\" data-element_type=\"widget\" data-e-type=\"widget\" data-widget_type=\"text-editor.default\">\n\t\t\t\t<div class=\"elementor-widget-container\">\n\t\t\t\t\t\t\t\t\t<ul><li>El producto debe conservar su envase original.<\/li><li>No debe haber sido consumido ni alterado.<\/li><li>Se solicitar\u00e1 evidencia fotogr\u00e1fica del estado del producto.<\/li><\/ul>\t\t\t\t\t\t\t\t<\/div>\n\t\t\t\t<\/div>\n\t\t\t\t<div class=\"elementor-element elementor-element-dc4242a elementor-widget elementor-widget-heading\" data-id=\"dc4242a\" data-element_type=\"widget\" data-e-type=\"widget\" data-widget_type=\"heading.default\">\n\t\t\t\t<div class=\"elementor-widget-container\">\n\t\t\t\t\t<h2 class=\"elementor-heading-title elementor-size-default\">3. Exclusiones<\/h2>\t\t\t\t<\/div>\n\t\t\t\t<\/div>\n\t\t\t\t<div class=\"elementor-element elementor-element-40283f3 elementor-widget elementor-widget-text-editor\" data-id=\"40283f3\" data-element_type=\"widget\" data-e-type=\"widget\" data-widget_type=\"text-editor.default\">\n\t\t\t\t<div class=\"elementor-widget-container\">\n\t\t\t\t\t\t\t\t\t<p>No se aceptan devoluciones por:<\/p><ul><li>Cambio de opini\u00f3n<\/li><li>Producto abierto o utilizado<\/li><li>Reacciones individuales cuando el cliente haya omitido informaci\u00f3n relevante en el formulario m\u00e9dico<\/li><\/ul>\t\t\t\t\t\t\t\t<\/div>\n\t\t\t\t<\/div>\n\t\t\t\t\t<\/div>\n\t\t<\/div>\n\t\t\t\t\t<\/div>\n\t\t<\/section>\n\t\t\t\t<\/div>\n\t\t","protected":false},"excerpt":{"rendered":"<p>Pol\u00edtica de Cambios y Devoluciones 1. Productos Da\u00f1ados o Fallados Se aceptar\u00e1n reclamos \u00fanicamente en los siguientes casos: Producto defectuoso de fabricaci\u00f3n Producto da\u00f1ado durante el transporte Producto incorrecto enviado por error \u00a0 El cliente deber\u00e1 notificar dentro de las 24 horas posteriores a la recepci\u00f3n. 2. Condiciones El producto debe conservar su envase original. [&hellip;]<\/p>\n","protected":false},"author":7,"featured_media":0,"parent":0,"menu_order":0,"comment_status":"closed","ping_status":"closed","template":"","meta":{"nf_dc_page":"","footnotes":""},"class_list":["post-31983","page","type-page","status-publish","hentry"],"_links":{"self":[{"href":"https:\/\/www.botica.com.py\/home\/wp-json\/wp\/v2\/pages\/31983","targetHints":{"allow":["GET"]}}],"collection":[{"href":"https:\/\/www.botica.com.py\/home\/wp-json\/wp\/v2\/pages"}],"about":[{"href":"https:\/\/www.botica.com.py\/home\/wp-json\/wp\/v2\/types\/page"}],"author":[{"embeddable":true,"href":"https:\/\/www.botica.com.py\/home\/wp-json\/wp\/v2\/users\/7"}],"replies":[{"embeddable":true,"href":"https:\/\/www.botica.com.py\/home\/wp-json\/wp\/v2\/comments?post=31983"}],"version-history":[{"count":0,"href":"https:\/\/www.botica.com.py\/home\/wp-json\/wp\/v2\/pages\/31983\/revisions"}],"wp:attachment":[{"href":"https:\/\/www.botica.com.py\/home\/wp-json\/wp\/v2\/media?parent=31983"}],"curies":[{"name":"wp","href":"https:\/\/api.w.org\/{rel}","templated":true}]}}