{"id":31505,"date":"2026-02-16T12:44:10","date_gmt":"2026-02-16T16:44:10","guid":{"rendered":"https:\/\/www.botica.com.py\/home\/?post_type=product&#038;p=31505"},"modified":"2026-03-26T10:52:39","modified_gmt":"2026-03-26T14:52:39","slug":"astaxantina-resveratrol-polypodium","status":"publish","type":"product","link":"https:\/\/www.botica.com.py\/home\/product\/astaxantina-resveratrol-polypodium\/","title":{"rendered":"Antioxidante, antienvejecimiento"},"content":{"rendered":"<h3 data-start=\"177\" data-end=\"232\"><strong data-start=\"181\" data-end=\"230\">Complejo Natural Antioxidante y Fotoprotector<\/strong><\/h3>\n<p data-start=\"234\" data-end=\"289\"><strong data-start=\"234\" data-end=\"287\">Astaxantina + Resveratrol + Polypodium leucotomos<\/strong><\/p>\n<p data-start=\"291\" data-end=\"658\"><strong data-start=\"291\" data-end=\"317\">\u00bfQu\u00e9 es este producto?<\/strong><br data-start=\"317\" data-end=\"320\" \/>El Complejo Natural Antioxidante y Fotoprotector es una formulaci\u00f3n dise\u00f1ada para proteger la piel del da\u00f1o oxidativo, reducir los signos de envejecimiento y ofrecer protecci\u00f3n frente a la radiaci\u00f3n UV de manera oral. Adem\u00e1s, contribuye a la salud cardiovascular, metab\u00f3lica y al bienestar general, apoyando un envejecimiento saludable.<\/p>\n<p data-start=\"660\" data-end=\"694\"><strong data-start=\"660\" data-end=\"692\">Acci\u00f3n y mecanismo de acci\u00f3n<\/strong><\/p>\n<ul data-start=\"695\" data-end=\"939\">\n<li data-start=\"695\" data-end=\"745\">\n<p data-start=\"697\" data-end=\"745\">Protege las c\u00e9lulas frente al estr\u00e9s oxidativo<\/p>\n<\/li>\n<li data-start=\"746\" data-end=\"795\">\n<p data-start=\"748\" data-end=\"795\">Reduce los signos de envejecimiento prematuro<\/p>\n<\/li>\n<li data-start=\"796\" data-end=\"851\">\n<p data-start=\"798\" data-end=\"851\">Act\u00faa como fotoprotector oral frente a radiaci\u00f3n UV<\/p>\n<\/li>\n<li data-start=\"852\" data-end=\"898\">\n<p data-start=\"854\" data-end=\"898\">Apoya la salud cardiovascular y metab\u00f3lica<\/p>\n<\/li>\n<li data-start=\"899\" data-end=\"939\">\n<p data-start=\"901\" data-end=\"939\">Favorece un envejecimiento saludable<\/p>\n<\/li>\n<\/ul>\n<p data-start=\"941\" data-end=\"1381\"><strong data-start=\"941\" data-end=\"981\">Acci\u00f3n espec\u00edfica de cada componente<\/strong><br data-start=\"981\" data-end=\"984\" \/><strong data-start=\"984\" data-end=\"1000\">Astaxantina:<\/strong> Carotenoide con potente acci\u00f3n antioxidante que protege las c\u00e9lulas frente al da\u00f1o oxidativo y envejecimiento prematuro.<br data-start=\"1121\" data-end=\"1124\" \/><strong data-start=\"1124\" data-end=\"1140\">Resveratrol:<\/strong> Polifenol antioxidante que activa mecanismos de longevidad celular y reduce la inflamaci\u00f3n cr\u00f3nica.<br data-start=\"1240\" data-end=\"1243\" \/><strong data-start=\"1243\" data-end=\"1269\">Polypodium leucotomos:<\/strong> Antioxidante natural que act\u00faa como fotoprotector oral, reduciendo el da\u00f1o celular inducido por radiaci\u00f3n UV.<\/p>\n<p data-start=\"1383\" data-end=\"1411\"><strong data-start=\"1383\" data-end=\"1409\">Beneficios principales<\/strong><\/p>\n<ul data-start=\"1412\" data-end=\"1666\">\n<li data-start=\"1412\" data-end=\"1461\">\n<p data-start=\"1414\" data-end=\"1461\">Protecci\u00f3n celular frente al estr\u00e9s oxidativo<\/p>\n<\/li>\n<li data-start=\"1462\" data-end=\"1534\">\n<p data-start=\"1464\" data-end=\"1534\">Apoyo a la salud de la piel y prevenci\u00f3n de envejecimiento prematuro<\/p>\n<\/li>\n<li data-start=\"1535\" data-end=\"1580\">\n<p data-start=\"1537\" data-end=\"1580\">Fotoprotecci\u00f3n oral frente a radiaci\u00f3n UV<\/p>\n<\/li>\n<li data-start=\"1581\" data-end=\"1617\">\n<p data-start=\"1583\" data-end=\"1617\">Reducci\u00f3n de inflamaci\u00f3n cr\u00f3nica<\/p>\n<\/li>\n<li data-start=\"1618\" data-end=\"1666\">\n<p data-start=\"1620\" data-end=\"1666\">Apoyo a la salud cardiovascular y metab\u00f3lica<\/p>\n<\/li>\n<\/ul>\n<p data-start=\"1668\" data-end=\"1686\"><strong data-start=\"1668\" data-end=\"1684\">Indicaciones<\/strong><\/p>\n<ul data-start=\"1687\" data-end=\"1840\">\n<li data-start=\"1687\" data-end=\"1734\">\n<p data-start=\"1689\" data-end=\"1734\">Salud de la piel y envejecimiento saludable<\/p>\n<\/li>\n<li data-start=\"1735\" data-end=\"1771\">\n<p data-start=\"1737\" data-end=\"1771\">Protecci\u00f3n frente a radiaci\u00f3n UV<\/p>\n<\/li>\n<li data-start=\"1772\" data-end=\"1802\">\n<p data-start=\"1774\" data-end=\"1802\">Apoyo antioxidante general<\/p>\n<\/li>\n<li data-start=\"1803\" data-end=\"1840\">\n<p data-start=\"1805\" data-end=\"1840\">Salud cardiovascular y metab\u00f3lica<\/p>\n<\/li>\n<\/ul>\n<p data-start=\"1842\" data-end=\"1866\"><strong data-start=\"1842\" data-end=\"1864\">Contraindicaciones<\/strong><\/p>\n<ul data-start=\"1867\" data-end=\"1949\">\n<li data-start=\"1867\" data-end=\"1891\">\n<p data-start=\"1869\" data-end=\"1891\">Embarazo y lactancia<\/p>\n<\/li>\n<li data-start=\"1892\" data-end=\"1926\">\n<p data-start=\"1894\" data-end=\"1926\">Precauci\u00f3n con anticoagulantes<\/p>\n<\/li>\n<li data-start=\"1927\" data-end=\"1949\">\n<p data-start=\"1929\" data-end=\"1949\">Alergia a helechos<\/p>\n<\/li>\n<\/ul>\n<p data-start=\"1951\" data-end=\"2042\"><strong data-start=\"1951\" data-end=\"1964\">Posolog\u00eda<\/strong><br data-start=\"1964\" data-end=\"1967\" \/>Tomar 1 c\u00e1psula al d\u00eda, o seg\u00fan indicaci\u00f3n de un profesional de la salud.<\/p>\n<p data-start=\"2044\" data-end=\"2073\"><strong data-start=\"2044\" data-end=\"2060\">Presentaci\u00f3n<\/strong><br data-start=\"2060\" data-end=\"2063\" \/>C\u00e1psulas<\/p>\n<p data-start=\"2075\" data-end=\"2108\"><strong data-start=\"2075\" data-end=\"2106\">Presentaciones disponibles:<\/strong><\/p>\n<ul data-start=\"2109\" data-end=\"2165\">\n<li data-start=\"2109\" data-end=\"2136\">\n<p data-start=\"2111\" data-end=\"2136\">30 c\u00e1psulas \u2013 80.000 Gs<\/p>\n<\/li>\n<\/ul>\n<h3 data-start=\"4280\" data-end=\"4303\">Informaci\u00f3n importante<\/h3>\n<p>Este producto es libre de gluten y lactosa<\/p>\n","protected":false},"excerpt":{"rendered":"<p><strong>Astaxantina 10MG + Resveratrol 25MG + Polypodium leucotomos 120MG<\/strong><\/p>\n<p><strong>Indicaci\u00f3n:<\/strong> salud de la piel, antioxidante, fotoprotector oral por su protecci\u00f3n frente a radiaci\u00f3n UV, envejecimiento saludable, salud cardiovascular y metab\u00f3lica<\/p>\n<p><strong>Acci\u00f3n:<\/strong><\/p>\n<ul>\n<li><strong> Astaxantina:<\/strong> carotenoide con potente acci\u00f3n antioxidante que protege las c\u00e9lulas del da\u00f1o oxidativo y del envejecimiento prematuro<\/li>\n<li><strong>Resveratrol:<\/strong> polifenol antioxidante que activa mecanismos de longevidad celular y reduce la inflamaci\u00f3n cr\u00f3nica<\/li>\n<li><strong>Polypodium leucotomos:<\/strong> antioxidante y fotoprotector oral que reduce el da\u00f1o celular inducido por radiaci\u00f3n UV<\/li>\n<\/ul>\n<h3 data-start=\"2156\" data-end=\"2186\">Presentaciones disponibles<\/h3>\n<p data-start=\"2187\" data-end=\"2232\">30 c\u00e1psulas \u2013 80.000 Gs<\/p>\n","protected":false},"featured_media":31535,"comment_status":"closed","ping_status":"closed","template":"","meta":{"nf_dc_page":""},"product_brand":[],"product_cat":[57],"product_tag":[],"class_list":{"0":"post-31505","1":"product","2":"type-product","3":"status-publish","4":"has-post-thumbnail","6":"product_cat-uncategorized","8":"first","9":"instock","10":"shipping-taxable","11":"purchasable","12":"product-type-simple"},"_links":{"self":[{"href":"https:\/\/www.botica.com.py\/home\/wp-json\/wp\/v2\/product\/31505","targetHints":{"allow":["GET"]}}],"collection":[{"href":"https:\/\/www.botica.com.py\/home\/wp-json\/wp\/v2\/product"}],"about":[{"href":"https:\/\/www.botica.com.py\/home\/wp-json\/wp\/v2\/types\/product"}],"replies":[{"embeddable":true,"href":"https:\/\/www.botica.com.py\/home\/wp-json\/wp\/v2\/comments?post=31505"}],"wp:featuredmedia":[{"embeddable":true,"href":"https:\/\/www.botica.com.py\/home\/wp-json\/wp\/v2\/media\/31535"}],"wp:attachment":[{"href":"https:\/\/www.botica.com.py\/home\/wp-json\/wp\/v2\/media?parent=31505"}],"wp:term":[{"taxonomy":"product_brand","embeddable":true,"href":"https:\/\/www.botica.com.py\/home\/wp-json\/wp\/v2\/product_brand?post=31505"},{"taxonomy":"product_cat","embeddable":true,"href":"https:\/\/www.botica.com.py\/home\/wp-json\/wp\/v2\/product_cat?post=31505"},{"taxonomy":"product_tag","embeddable":true,"href":"https:\/\/www.botica.com.py\/home\/wp-json\/wp\/v2\/product_tag?post=31505"}],"curies":[{"name":"wp","href":"https:\/\/api.w.org\/{rel}","templated":true}]}}